{"id":904,"date":"2023-05-08T17:08:19","date_gmt":"2023-05-08T17:08:19","guid":{"rendered":"http:\/\/booksfrommexico.com\/product\/mi-mexico-imaginado-telenovelas-television-y-migrantes\/"},"modified":"2023-11-03T15:27:48","modified_gmt":"2023-11-03T15:27:48","slug":"mi-mexico-imaginado-telenovelas-television-y-migrantes","status":"publish","type":"product","link":"https:\/\/booksfrommexico.com\/es\/producto\/mi-mexico-imaginado-telenovelas-television-y-migrantes\/","title":{"rendered":"Mi M\u00e9xico imaginado. Telenovelas, televisi\u00f3n y migrantes"},"content":{"rendered":"","protected":false},"excerpt":{"rendered":"<p>Ana B Uribe. Tijuana, Baja California: El Colegio de la Frontera Norte AC, 2009. 328 pages : 21 cm. \u00abLas Ciencias Sociales: Tercera D\u00e9cada\u00bb, ISBN: 9786074011883, 9786077565543, 9786074790146<\/p>\n","protected":false},"featured_media":903,"template":"","meta":{"_acf_changed":false,"inline_featured_image":false},"product_brand":[],"product_cat":[78],"product_tag":[],"class_list":{"0":"post-904","1":"product","2":"type-product","3":"status-publish","4":"has-post-thumbnail","6":"product_cat-sociologia","8":"first","9":"instock","10":"taxable","11":"shipping-taxable","12":"purchasable","13":"product-type-simple"},"acf":[],"yoast_head":"<!-- This site is optimized with the Yoast SEO plugin v27.4 - https:\/\/yoast.com\/product\/yoast-seo-wordpress\/ -->\n<title>Mi M\u00e9xico imaginado. Telenovelas, televisi\u00f3n y migrantes.<\/title>\n<meta name=\"description\" content=\"Mi M\u00e9xico imaginado. Telenovelas, televisi\u00f3n y migrantes. Ana B Uribe. Tijuana, Baja California: El Colegio de la Frontera Norte AC, 2009\" \/>\n<meta name=\"robots\" content=\"index, follow, max-snippet:-1, max-image-preview:large, max-video-preview:-1\" \/>\n<link rel=\"canonical\" href=\"https:\/\/booksfrommexico.com\/es\/producto\/mi-mexico-imaginado-telenovelas-television-y-migrantes\/\" \/>\n<meta property=\"og:locale\" content=\"es_ES\" \/>\n<meta property=\"og:type\" content=\"article\" \/>\n<meta property=\"og:title\" content=\"Mi M\u00e9xico imaginado. Telenovelas, televisi\u00f3n y migrantes.\" \/>\n<meta property=\"og:description\" content=\"Mi M\u00e9xico imaginado. Telenovelas, televisi\u00f3n y migrantes. Ana B Uribe. Tijuana, Baja California: El Colegio de la Frontera Norte AC, 2009\" \/>\n<meta property=\"og:url\" content=\"https:\/\/booksfrommexico.com\/es\/producto\/mi-mexico-imaginado-telenovelas-television-y-migrantes\/\" \/>\n<meta property=\"og:site_name\" content=\"Books From Mexico\" \/>\n<meta property=\"article:modified_time\" content=\"2023-11-03T15:27:48+00:00\" \/>\n<meta property=\"og:image\" content=\"http:\/\/booksfrommexico.com\/app\/uploads\/2023\/05\/146055-1.jpeg\" \/>\n\t<meta property=\"og:image:width\" content=\"395\" \/>\n\t<meta property=\"og:image:height\" content=\"594\" \/>\n\t<meta property=\"og:image:type\" content=\"image\/jpeg\" \/>\n<meta name=\"twitter:card\" content=\"summary_large_image\" \/>\n<script type=\"application\/ld+json\" class=\"yoast-schema-graph\">{\"@context\":\"https:\\\/\\\/schema.org\",\"@graph\":[{\"@type\":\"WebPage\",\"@id\":\"https:\\\/\\\/booksfrommexico.com\\\/es\\\/producto\\\/mi-mexico-imaginado-telenovelas-television-y-migrantes\\\/\",\"url\":\"https:\\\/\\\/booksfrommexico.com\\\/es\\\/producto\\\/mi-mexico-imaginado-telenovelas-television-y-migrantes\\\/\",\"name\":\"Mi M\u00e9xico imaginado. Telenovelas, televisi\u00f3n y migrantes.\",\"isPartOf\":{\"@id\":\"https:\\\/\\\/booksfrommexico.com\\\/#website\"},\"primaryImageOfPage\":{\"@id\":\"https:\\\/\\\/booksfrommexico.com\\\/es\\\/producto\\\/mi-mexico-imaginado-telenovelas-television-y-migrantes\\\/#primaryimage\"},\"image\":{\"@id\":\"https:\\\/\\\/booksfrommexico.com\\\/es\\\/producto\\\/mi-mexico-imaginado-telenovelas-television-y-migrantes\\\/#primaryimage\"},\"thumbnailUrl\":\"https:\\\/\\\/booksfrommexico.com\\\/app\\\/uploads\\\/2023\\\/05\\\/146055-1.jpeg\",\"datePublished\":\"2023-05-08T17:08:19+00:00\",\"dateModified\":\"2023-11-03T15:27:48+00:00\",\"description\":\"Mi M\u00e9xico imaginado. Telenovelas, televisi\u00f3n y migrantes. Ana B Uribe. Tijuana, Baja California: El Colegio de la Frontera Norte AC, 2009\",\"breadcrumb\":{\"@id\":\"https:\\\/\\\/booksfrommexico.com\\\/es\\\/producto\\\/mi-mexico-imaginado-telenovelas-television-y-migrantes\\\/#breadcrumb\"},\"inLanguage\":\"es\",\"potentialAction\":[{\"@type\":\"ReadAction\",\"target\":[\"https:\\\/\\\/booksfrommexico.com\\\/es\\\/producto\\\/mi-mexico-imaginado-telenovelas-television-y-migrantes\\\/\"]}]},{\"@type\":\"ImageObject\",\"inLanguage\":\"es\",\"@id\":\"https:\\\/\\\/booksfrommexico.com\\\/es\\\/producto\\\/mi-mexico-imaginado-telenovelas-television-y-migrantes\\\/#primaryimage\",\"url\":\"https:\\\/\\\/booksfrommexico.com\\\/app\\\/uploads\\\/2023\\\/05\\\/146055-1.jpeg\",\"contentUrl\":\"https:\\\/\\\/booksfrommexico.com\\\/app\\\/uploads\\\/2023\\\/05\\\/146055-1.jpeg\",\"width\":395,\"height\":594,\"caption\":\"Mi M\u00e9xico imaginado. Telenovelas, televisi\u00f3n y migrantes\"},{\"@type\":\"BreadcrumbList\",\"@id\":\"https:\\\/\\\/booksfrommexico.com\\\/es\\\/producto\\\/mi-mexico-imaginado-telenovelas-television-y-migrantes\\\/#breadcrumb\",\"itemListElement\":[{\"@type\":\"ListItem\",\"position\":1,\"name\":\"Home\",\"item\":\"https:\\\/\\\/booksfrommexico.com\\\/es\\\/\"},{\"@type\":\"ListItem\",\"position\":2,\"name\":\"Libros\",\"item\":\"https:\\\/\\\/booksfrommexico.com\\\/es\\\/libros\\\/\"},{\"@type\":\"ListItem\",\"position\":3,\"name\":\"Mi M\u00e9xico imaginado. Telenovelas, televisi\u00f3n y migrantes\"}]},{\"@type\":\"WebSite\",\"@id\":\"https:\\\/\\\/booksfrommexico.com\\\/#website\",\"url\":\"https:\\\/\\\/booksfrommexico.com\\\/\",\"name\":\"Books From Mexico\",\"description\":\"\",\"publisher\":{\"@id\":\"https:\\\/\\\/booksfrommexico.com\\\/#organization\"},\"potentialAction\":[{\"@type\":\"SearchAction\",\"target\":{\"@type\":\"EntryPoint\",\"urlTemplate\":\"https:\\\/\\\/booksfrommexico.com\\\/?s={search_term_string}\"},\"query-input\":{\"@type\":\"PropertyValueSpecification\",\"valueRequired\":true,\"valueName\":\"search_term_string\"}}],\"inLanguage\":\"es\"},{\"@type\":\"Organization\",\"@id\":\"https:\\\/\\\/booksfrommexico.com\\\/#organization\",\"name\":\"Books From Mexico\",\"url\":\"https:\\\/\\\/booksfrommexico.com\\\/\",\"logo\":{\"@type\":\"ImageObject\",\"inLanguage\":\"es\",\"@id\":\"https:\\\/\\\/booksfrommexico.com\\\/#\\\/schema\\\/logo\\\/image\\\/\",\"url\":\"https:\\\/\\\/booksfrommexico.com\\\/app\\\/uploads\\\/2023\\\/05\\\/logo-booksfrommexico.svg\",\"contentUrl\":\"https:\\\/\\\/booksfrommexico.com\\\/app\\\/uploads\\\/2023\\\/05\\\/logo-booksfrommexico.svg\",\"width\":86,\"height\":56,\"caption\":\"Books From Mexico\"},\"image\":{\"@id\":\"https:\\\/\\\/booksfrommexico.com\\\/#\\\/schema\\\/logo\\\/image\\\/\"}}]}<\/script>\n<!-- \/ Yoast SEO plugin. -->","yoast_head_json":{"title":"Mi M\u00e9xico imaginado. Telenovelas, televisi\u00f3n y migrantes.","description":"Mi M\u00e9xico imaginado. Telenovelas, televisi\u00f3n y migrantes. Ana B Uribe. Tijuana, Baja California: El Colegio de la Frontera Norte AC, 2009","robots":{"index":"index","follow":"follow","max-snippet":"max-snippet:-1","max-image-preview":"max-image-preview:large","max-video-preview":"max-video-preview:-1"},"canonical":"https:\/\/booksfrommexico.com\/es\/producto\/mi-mexico-imaginado-telenovelas-television-y-migrantes\/","og_locale":"es_ES","og_type":"article","og_title":"Mi M\u00e9xico imaginado. Telenovelas, televisi\u00f3n y migrantes.","og_description":"Mi M\u00e9xico imaginado. Telenovelas, televisi\u00f3n y migrantes. Ana B Uribe. Tijuana, Baja California: El Colegio de la Frontera Norte AC, 2009","og_url":"https:\/\/booksfrommexico.com\/es\/producto\/mi-mexico-imaginado-telenovelas-television-y-migrantes\/","og_site_name":"Books From Mexico","article_modified_time":"2023-11-03T15:27:48+00:00","og_image":[{"width":395,"height":594,"url":"http:\/\/booksfrommexico.com\/app\/uploads\/2023\/05\/146055-1.jpeg","type":"image\/jpeg"}],"twitter_card":"summary_large_image","schema":{"@context":"https:\/\/schema.org","@graph":[{"@type":"WebPage","@id":"https:\/\/booksfrommexico.com\/es\/producto\/mi-mexico-imaginado-telenovelas-television-y-migrantes\/","url":"https:\/\/booksfrommexico.com\/es\/producto\/mi-mexico-imaginado-telenovelas-television-y-migrantes\/","name":"Mi M\u00e9xico imaginado. Telenovelas, televisi\u00f3n y migrantes.","isPartOf":{"@id":"https:\/\/booksfrommexico.com\/#website"},"primaryImageOfPage":{"@id":"https:\/\/booksfrommexico.com\/es\/producto\/mi-mexico-imaginado-telenovelas-television-y-migrantes\/#primaryimage"},"image":{"@id":"https:\/\/booksfrommexico.com\/es\/producto\/mi-mexico-imaginado-telenovelas-television-y-migrantes\/#primaryimage"},"thumbnailUrl":"https:\/\/booksfrommexico.com\/app\/uploads\/2023\/05\/146055-1.jpeg","datePublished":"2023-05-08T17:08:19+00:00","dateModified":"2023-11-03T15:27:48+00:00","description":"Mi M\u00e9xico imaginado. Telenovelas, televisi\u00f3n y migrantes. Ana B Uribe. Tijuana, Baja California: El Colegio de la Frontera Norte AC, 2009","breadcrumb":{"@id":"https:\/\/booksfrommexico.com\/es\/producto\/mi-mexico-imaginado-telenovelas-television-y-migrantes\/#breadcrumb"},"inLanguage":"es","potentialAction":[{"@type":"ReadAction","target":["https:\/\/booksfrommexico.com\/es\/producto\/mi-mexico-imaginado-telenovelas-television-y-migrantes\/"]}]},{"@type":"ImageObject","inLanguage":"es","@id":"https:\/\/booksfrommexico.com\/es\/producto\/mi-mexico-imaginado-telenovelas-television-y-migrantes\/#primaryimage","url":"https:\/\/booksfrommexico.com\/app\/uploads\/2023\/05\/146055-1.jpeg","contentUrl":"https:\/\/booksfrommexico.com\/app\/uploads\/2023\/05\/146055-1.jpeg","width":395,"height":594,"caption":"Mi M\u00e9xico imaginado. Telenovelas, televisi\u00f3n y migrantes"},{"@type":"BreadcrumbList","@id":"https:\/\/booksfrommexico.com\/es\/producto\/mi-mexico-imaginado-telenovelas-television-y-migrantes\/#breadcrumb","itemListElement":[{"@type":"ListItem","position":1,"name":"Home","item":"https:\/\/booksfrommexico.com\/es\/"},{"@type":"ListItem","position":2,"name":"Libros","item":"https:\/\/booksfrommexico.com\/es\/libros\/"},{"@type":"ListItem","position":3,"name":"Mi M\u00e9xico imaginado. Telenovelas, televisi\u00f3n y migrantes"}]},{"@type":"WebSite","@id":"https:\/\/booksfrommexico.com\/#website","url":"https:\/\/booksfrommexico.com\/","name":"Books From Mexico","description":"","publisher":{"@id":"https:\/\/booksfrommexico.com\/#organization"},"potentialAction":[{"@type":"SearchAction","target":{"@type":"EntryPoint","urlTemplate":"https:\/\/booksfrommexico.com\/?s={search_term_string}"},"query-input":{"@type":"PropertyValueSpecification","valueRequired":true,"valueName":"search_term_string"}}],"inLanguage":"es"},{"@type":"Organization","@id":"https:\/\/booksfrommexico.com\/#organization","name":"Books From Mexico","url":"https:\/\/booksfrommexico.com\/","logo":{"@type":"ImageObject","inLanguage":"es","@id":"https:\/\/booksfrommexico.com\/#\/schema\/logo\/image\/","url":"https:\/\/booksfrommexico.com\/app\/uploads\/2023\/05\/logo-booksfrommexico.svg","contentUrl":"https:\/\/booksfrommexico.com\/app\/uploads\/2023\/05\/logo-booksfrommexico.svg","width":86,"height":56,"caption":"Books From Mexico"},"image":{"@id":"https:\/\/booksfrommexico.com\/#\/schema\/logo\/image\/"}}]}},"_links":{"self":[{"href":"https:\/\/booksfrommexico.com\/es\/wp-json\/wp\/v2\/product\/904","targetHints":{"allow":["GET"]}}],"collection":[{"href":"https:\/\/booksfrommexico.com\/es\/wp-json\/wp\/v2\/product"}],"about":[{"href":"https:\/\/booksfrommexico.com\/es\/wp-json\/wp\/v2\/types\/product"}],"wp:featuredmedia":[{"embeddable":true,"href":"https:\/\/booksfrommexico.com\/es\/wp-json\/wp\/v2\/media\/903"}],"wp:attachment":[{"href":"https:\/\/booksfrommexico.com\/es\/wp-json\/wp\/v2\/media?parent=904"}],"wp:term":[{"taxonomy":"product_brand","embeddable":true,"href":"https:\/\/booksfrommexico.com\/es\/wp-json\/wp\/v2\/product_brand?post=904"},{"taxonomy":"product_cat","embeddable":true,"href":"https:\/\/booksfrommexico.com\/es\/wp-json\/wp\/v2\/product_cat?post=904"},{"taxonomy":"product_tag","embeddable":true,"href":"https:\/\/booksfrommexico.com\/es\/wp-json\/wp\/v2\/product_tag?post=904"}],"curies":[{"name":"wp","href":"https:\/\/api.w.org\/{rel}","templated":true}]}}

Mi México imaginado. Telenovelas, televisión y migrantes

<p>Ana B Uribe. Tijuana, Baja California: El Colegio de la Frontera Norte AC, 2009. 328 pages : 21 cm. «Las Ciencias Sociales: Tercera Década», ISBN: 9786074011883, 9786077565543, 9786074790146</p>

<!-- This site is optimized with the Yoast SEO plugin v27.4 - https://yoast.com/product/yoast-seo-wordpress/ -->
<title>Mi México imaginado. Telenovelas, televisión y migrantes.</title>
<meta name="description" content="Mi México imaginado. Telenovelas, televisión y migrantes. Ana B Uribe. Tijuana, Baja California: El Colegio de la Frontera Norte AC, 2009" />
<meta name="robots" content="index, follow, max-snippet:-1, max-image-preview:large, max-video-preview:-1" />
<link rel="canonical" href="https://booksfrommexico.com/es/producto/mi-mexico-imaginado-telenovelas-television-y-migrantes/" />
<meta property="og:locale" content="es_ES" />
<meta property="og:type" content="article" />
<meta property="og:title" content="Mi México imaginado. Telenovelas, televisión y migrantes." />
<meta property="og:description" content="Mi México imaginado. Telenovelas, televisión y migrantes. Ana B Uribe. Tijuana, Baja California: El Colegio de la Frontera Norte AC, 2009" />
<meta property="og:url" content="https://booksfrommexico.com/es/producto/mi-mexico-imaginado-telenovelas-television-y-migrantes/" />
<meta property="og:site_name" content="Books From Mexico" />
<meta property="article:modified_time" content="2023-11-03T15:27:48+00:00" />
<meta property="og:image" content="http://booksfrommexico.com/app/uploads/2023/05/146055-1.jpeg" />
	<meta property="og:image:width" content="395" />
	<meta property="og:image:height" content="594" />
	<meta property="og:image:type" content="image/jpeg" />
<meta name="twitter:card" content="summary_large_image" />
<script type="application/ld+json" class="yoast-schema-graph">{"@context":"https:\/\/schema.org","@graph":[{"@type":"WebPage","@id":"https:\/\/booksfrommexico.com\/es\/producto\/mi-mexico-imaginado-telenovelas-television-y-migrantes\/","url":"https:\/\/booksfrommexico.com\/es\/producto\/mi-mexico-imaginado-telenovelas-television-y-migrantes\/","name":"Mi México imaginado. Telenovelas, televisión y migrantes.","isPartOf":{"@id":"https:\/\/booksfrommexico.com\/#website"},"primaryImageOfPage":{"@id":"https:\/\/booksfrommexico.com\/es\/producto\/mi-mexico-imaginado-telenovelas-television-y-migrantes\/#primaryimage"},"image":{"@id":"https:\/\/booksfrommexico.com\/es\/producto\/mi-mexico-imaginado-telenovelas-television-y-migrantes\/#primaryimage"},"thumbnailUrl":"https:\/\/booksfrommexico.com\/app\/uploads\/2023\/05\/146055-1.jpeg","datePublished":"2023-05-08T17:08:19+00:00","dateModified":"2023-11-03T15:27:48+00:00","description":"Mi México imaginado. Telenovelas, televisión y migrantes. Ana B Uribe. Tijuana, Baja California: El Colegio de la Frontera Norte AC, 2009","breadcrumb":{"@id":"https:\/\/booksfrommexico.com\/es\/producto\/mi-mexico-imaginado-telenovelas-television-y-migrantes\/#breadcrumb"},"inLanguage":"es","potentialAction":[{"@type":"ReadAction","target":["https:\/\/booksfrommexico.com\/es\/producto\/mi-mexico-imaginado-telenovelas-television-y-migrantes\/"]}]},{"@type":"ImageObject","inLanguage":"es","@id":"https:\/\/booksfrommexico.com\/es\/producto\/mi-mexico-imaginado-telenovelas-television-y-migrantes\/#primaryimage","url":"https:\/\/booksfrommexico.com\/app\/uploads\/2023\/05\/146055-1.jpeg","contentUrl":"https:\/\/booksfrommexico.com\/app\/uploads\/2023\/05\/146055-1.jpeg","width":395,"height":594,"caption":"Mi México imaginado. Telenovelas, televisión y migrantes"},{"@type":"BreadcrumbList","@id":"https:\/\/booksfrommexico.com\/es\/producto\/mi-mexico-imaginado-telenovelas-television-y-migrantes\/#breadcrumb","itemListElement":[{"@type":"ListItem","position":1,"name":"Home","item":"https:\/\/booksfrommexico.com\/es\/"},{"@type":"ListItem","position":2,"name":"Libros","item":"https:\/\/booksfrommexico.com\/es\/libros\/"},{"@type":"ListItem","position":3,"name":"Mi México imaginado. Telenovelas, televisión y migrantes"}]},{"@type":"WebSite","@id":"https:\/\/booksfrommexico.com\/#website","url":"https:\/\/booksfrommexico.com\/","name":"Books From Mexico","description":"","publisher":{"@id":"https:\/\/booksfrommexico.com\/#organization"},"potentialAction":[{"@type":"SearchAction","target":{"@type":"EntryPoint","urlTemplate":"https:\/\/booksfrommexico.com\/?s={search_term_string}"},"query-input":{"@type":"PropertyValueSpecification","valueRequired":true,"valueName":"search_term_string"}}],"inLanguage":"es"},{"@type":"Organization","@id":"https:\/\/booksfrommexico.com\/#organization","name":"Books From Mexico","url":"https:\/\/booksfrommexico.com\/","logo":{"@type":"ImageObject","inLanguage":"es","@id":"https:\/\/booksfrommexico.com\/#\/schema\/logo\/image\/","url":"https:\/\/booksfrommexico.com\/app\/uploads\/2023\/05\/logo-booksfrommexico.svg","contentUrl":"https:\/\/booksfrommexico.com\/app\/uploads\/2023\/05\/logo-booksfrommexico.svg","width":86,"height":56,"caption":"Books From Mexico"},"image":{"@id":"https:\/\/booksfrommexico.com\/#\/schema\/logo\/image\/"}}]}</script>
<!-- / Yoast SEO plugin. -->

Mi México imaginado. Telenovelas, televisión y migrantes.

Mi México imaginado. Telenovelas, televisión y migrantes. Ana B Uribe. Tijuana, Baja California: El Colegio de la Frontera Norte AC, 2009
